 Calculate the greatest common divisor of s and y.
5
Let r(f) = -18*f. Let j be r(-2). Let s(p) = -p**3 + 8*p**2 - 6*p - 12. Let t be s(6). What is the greatest common divisor of j and t?
12
Let a be 14 + (-2)/(-1 + -1). Let o(r) = -r**2 + 3*r. Let h be o(3). Let c = h - -3. What is the greatest common divisor of c and a?
3
Let n(s) = 2*s**3 - 2*s**2. Suppose 2*y + 1 - 5 = 0. Let h be n(y). What is the greatest common factor of 48 and h?
8
Let s be (-3)/(-4) + (-9)/12. Suppose -a = r - 40 + 10, s = 5*r - 4*a - 150. Let z be 3 - 2 - (-10 + -1). Calculate the highest common divisor of r and z.
6
Suppose -8 = -2*n - 2*r, -n + 0 = 5*r - 4. Suppose -n*k = 18 - 138. Let f(b) = -b**3 - 2. Let a be f(-2). Calculate the greatest common divisor of a and k.
6
Suppose 0 = -4*v - v. Suppose v = -0*g - 2*g + 10. Let n be g - (-1*2)/(-2). What is the greatest common factor of 12 and n?
4
Let s = -1 + 10. What is the highest common divisor of s and 45?
9
Let g(f) = 8*f - 32. Let r be g(13). Calculate the highest common divisor of r and 18.
18
Suppose 72 = 3*u - 2*d, d - 28 = -2*u + 20. Let q be ((-3)/6)/(3/(-18)). Calculate the highest common factor of u and q.
3
Let d = 9 + -10. Let h be (-368)/(-24) + d/3. What is the highest common divisor of 15 and h?
15
Let q be ((-5)/(-2))/(7/(-910)). Let h be (-16)/(-10)*q/(-10). Calculate the greatest common divisor of h and 78.
26
Suppose p + 6 - 4 = 0. Let v be ((-16)/(-8))/(p/(-24)). What is the highest common factor of v and 3?
3
Let z be 76*(-2 - -4)/4. What is the highest common divisor of 19 and z?
19
Let d(q) = -186 + 186 + 2*q**2 + 17*q**3 - q. Let x be d(1). Calculate the greatest common divisor of 54 and x.
18
Suppose 4*s - 3 = 9. Let p be 8/24 + (-386)/(-3). Suppose -s*v = -33 - p. What is the greatest common factor of v and 6?
6
Let p(m) = m**2 + 5*m - 33. Let i be p(-10). Calculate the greatest common divisor of i and 153.
17
Suppose 2*h + 39 = 5*w, 5*h + 21 = 4*w - 0*w. What is the highest common divisor of w and 45?
9
Let g be 75 - -1 - 3/(-3). Let h be (-32)/(-3) + 1/3. What is the highest common divisor of h and g?
11
Let g(v) = -v**3 - 2*v**2 - v - 2. Let c be g(-2). Suppose c = 3*k - 3*z - 54, 2*k - 48 = -2*z + 7*z. What is the highest common factor of k and 14?
14
Let q(w) = 0 + w + 3*w - 1. Let o be q(1). Suppose -1 + 3 = l. Calculate the greatest common factor of l and o.
1
Suppose 4*h - 5*x = 120, h = 4*h + 4*x - 121. Calculate the greatest common factor of h and 35.
35
Suppose 0*w + w + 2 = 0, -2*w = -5*h + 279. Calculate the highest common divisor of 11 and h.
11
Let o be -3*(-1 - (-15 - 2)). Let a = 6 - o. Calculate the highest common factor of 9 and a.
9
Let f = 40 + -4. Calculate the highest common divisor of 36 and f.
36
Let z(w) = 4*w - 1. Let d(m) = -4*m + 1. Let b(i) = -2*d(i) - 3*z(i). Let j be b(-3). Let r be (1 - 2)*1*-91. Calculate the greatest common factor of r and j.
13
Suppose -2*v + v = d + 51, -d + 4*v - 61 = 0. Let s be (-1)/2*(-123 - 25). Let o = d + s. What is the greatest common factor of 63 and o?
21
Suppose d - 3*d = -40. Suppose 5*z - 16 = 9. Suppose -z*h - 220 = -n, -n - h + 440 = n. Calculate the greatest common factor of d and n.
20
Suppose -3*u - 3*x - 3 = 0, 5*x + 11 = 2*u - 15. Suppose 8 = -u*a + 20. Calculate the greatest common factor of 32 and a.
4
Suppose -4 = -2*n, 5*j - 5*n - 503 = 927. What is the greatest common factor of 32 and j?
32
Let v = 21 + -12. Let a be 4 - 14 - 2/(-1). Let z = -2 - a. Calculate the greatest common divisor of z and v.
3
Let j = -193 + 411. Suppose -5*g + 157 = -j. Calculate the greatest common divisor of 25 and g.
25
Let n be (-6)/27 - (-4)/18. Suppose 5 = 5*x - n. What is the highest common factor of 1 and x?
1
Let i(l) be the second derivative of 7*l**3/6 - 5*l**2 - l. Let o be i(7). Calculate the greatest common divisor of o and 26.
13
Suppose -3*k + 0 = -3. Let o = 0 + k. What is the highest common factor of o and 8?
1
Let b(v) be the first derivative of 3*v**3 - 5*v - 2. Let n be b(5). Let x = 56 - 36. Calculate the greatest common factor of x and n.
20
Let y be -1 + (-1 - -3) + 10. Let n be 2/7 - (-2770)/7. Suppose n = -2*x + 6*x. Calculate the greatest common factor of x and y.
11
Suppose -6*p = -2*p - 432. What is the greatest common factor of p and 12?
12
Let v(k) = -9*k - 47. Let u be v(-6). Calculate the greatest common factor of u and 21.
7
Suppose -3*m + 0*m + 330 = 0. What is the greatest common divisor of m and 10?
10
Let n(q) = 7*q**2 + 6*q + 2. Let v be n(-4). Calculate the highest common factor of v and 36.
18
Let q = -78 - -83. What is the highest common divisor of q and 45?
5
Let s = -8 - -15. Let d = s + -4. What is the highest common factor of 15 and d?
3
Let w be 34/8 + 1/(-4). Let v be ((-80)/12*3)/(-2). Let a = v - -10. What is the highest common factor of a and w?
4
Let r be (2275/10)/(-2 - 15/(-6)). What is the highest common divisor of r and 35?
35
Suppose 0 = -6*f + f + 4*k + 230, 2*f - 104 = 4*k. Let b(t) = -t**2 + 9*t + 6. Let h be b(8). What is the greatest common factor of h and f?
14
Let y = -4 + 21. Let u = y + -15. What is the greatest common factor of 1 and u?
1
Let h be (14/(-10))/(1/(-5)). Let u = 44 + -16. What is the highest common divisor of h and u?
7
Suppose 3*y + 21 - 3 = 3*h, 24 = 5*h + y. Suppose 4*d - 68 = -0*d - 3*p, -h*d + 74 = p. Calculate the greatest common divisor of d and 35.
7
Let d = 228 + -32. Calculate the highest common divisor of 28 and d.
28
Suppose 2*g = 3*g + 18. Let p be -6*(10/1 + -3). Let s = g - p. What is the greatest common divisor of 12 and s?
12
Suppose -3*d = -5*g - d + 169, 4*g - 5*d = 142. Suppose -x = -4*c - 210, 22 = -2*x - 2*c + 412. What is the highest common divisor of g and x?
33
Let u = 294 - 206. What is the highest common factor of u and 8?
8
Let m(j) = -j**2 + 6*j - 6. Let d be m(7). Let c = 22 + d. Calculate the greatest common divisor of c and 81.
9
Let b = -11 - -123. What is the greatest common factor of b and 14?
14
Let v be (-1518)/(-2)*(-12)/(-12). What is the highest common divisor of 69 and v?
69
Suppose -3*o + 15 = -3*z, -3*o = -o + 3*z + 5. Let c(p) = 5*p + 1. Let s be c(o). What is the greatest common divisor of s and 66?
11
Let o(n) = 3*n**2 + 33*n - 9. Let i be o(-14). Calculate the highest common divisor of 9 and i.
9
Let n = 227 - 107. Calculate the greatest common factor of n and 24.
24
Let g = -5 - -31. Calculate the greatest common factor of g and 39.
13
Let q = -94 - -143. Let g = 381 - 212. Let b = g - q. What is the highest common divisor of 15 and b?
15
Let u(h) = -h**2 - 4*h - 2. Let q be u(-2). Suppose 0 = r + 2 - 3, -3*f + 4 = -q*r. Let l = -5 + 15. Calculate the greatest common factor of f and l.
2
Let h be ((-33)/(-11))/(3/7). Suppose -12 = -4*s, c + s - 6*s = -13. Suppose 32 = c*z - 94. Calculate the highest common factor of h and z.
7
Let y = -15 - -10. Let b be (32/(-20))/(1/y). Calculate the greatest common divisor of 8 and b.
8
Let m be -4 - -12 - (-3 - 0). What is the greatest common factor of 1 and m?
1
Suppose -2*z + b + 70 = 0, -5*z = -3*b - 0*b - 176. Suppose 4*a - 3*f + 10 - z = 0, 4*f = 5*a - 29. Calculate the highest common divisor of 81 and a.
9
Let t(b) = -b**3 - 16*b**2 - 33*b - 25. Let q be t(-14). Let l = 54 + -24. What is the greatest common divisor of l and q?
15
Suppose -7*v = -5*v - 78. Suppose 0 = -5*u + 1 + v. What is the greatest common factor of u and 8?
8
Suppose -4*v + 376 = 3*t, 5*t - 325 = 2*v + 267. Suppose 15 = -2*n + 3*n. What is the greatest common divisor of t and n?
15
Let l be 10/20*24/1. Calculate the highest common factor of 24 and l.
12
Suppose -5*i + 4*w = -85, 5*i + 0*w - 5*w - 90 = 0. Suppose 191 = 3*m - 82. Calculate the greatest common factor of m and i.
13
Suppose -2*a + 428 = -6*a + 4*q, -2*a - 212 = -3*q. Let j = -65 + -5. Let w = j - a. What is the greatest common factor of w and 26?
13
Let d be (-641)/(-4) - (-1)/(-4). Suppose -m + 5 = -0*m. Suppose 0 = 5*s - q - 105, -3*s - s = -m*q - 105. Calculate the highest common factor of d and s.
20
Let r = -83 + 113. Suppose 1516 - 166 = 5*y. What is the highest common factor of r and y?
30
Suppose 0 = -4*w - 2*f + 100, -3*w + 89 = 3*f - 5*f. Suppose -4*n + w + 117 = 0. Calculate the greatest common divisor of 54 and n.
18
